o - 10. Let i be u(10). List the prime factors of (i - 4) + 7 + 63.
2, 3, 11
Let b(v) = 11*v**2 + 6*v + 4. Let i be b(3). Let t = 352 - i. What are the prime factors of t?
3, 7, 11
Let d = 4 - 12. Let p = -1 - d. Suppose -2*g + 16 = 4*y, -5*y + p + 7 = 4*g. List the prime factors of y.
2, 3
Suppose -4*f - 135 = 2*w - 27, -2*w - 2*f = 114. Let o = 21 - w. List the prime factors of o.
3
Let w(q) be the first derivative of q**3/3 + 9*q**2 + 32*q - 4. What are the prime factors of w(-20)?
2, 3
Let i(v) = 2*v**2 + 18*v + 71. What are the prime factors of i(-36)?
5, 13, 31
Let k(u) = 99*u + 106. What are the prime factors of k(8)?
2, 449
Let v(x) = x**2 - 2*x + 1. Let r be v(4). Let h = 44 - r. Suppose 2*l - h + 15 = 0. What are the prime factors of l?
2, 5
Let q(a) = 103*a**2 + 13*a + 19. List the prime factors of q(-4).
5, 17, 19
Let b = -5628 - -10419. List the prime factors of b.
3, 1597
Suppose 72 = 3*q + 24. Suppose -7*x = q - 667. What are the prime factors of x?
3, 31
Let r(j) = -36*j - 9. Let d be 4/(-22) + 84/(-22). What are the prime factors of r(d)?
3, 5
Let y be (-46)/(-10) + (-4)/(-10). Suppose -74 = -4*q - 2*w, -y*w + 1 = 5*q - 79. Suppose 4*c - q = 3*c - 2*u, -4*c + 3*u = -40. List the prime factors of c.
13
Suppose -28*z + 710 = -23*z. Suppose b = 63 + z. What are the prime factors of b?
5, 41
Suppose 4*f = 20, 26*r = 23*r - 4*f + 1703. What are the prime factors of r?
3, 11, 17
Let x be (4 - 1)/((-3)/(-7)). Let k(t) = -t**3 + 8*t**2 - 6*t - 5. Let b be k(x). Let s = 9 + b. List the prime factors of s.
11
Let p = 7806 + -4841. What are the prime factors of p?
5, 593
Suppose q + 2278 = 5*p - 1665, 5*p - 3941 = 2*q. What are the prime factors of p?
3, 263
List the prime factors of (61/4)/(((-9)/168)/(-3)).
2, 7, 61
List the prime factors of (-716)/(-3)*(-9)/(-6) + -5.
353
Suppose -9*g + 4626 = -0*g. Suppose 2*p + 345 = 4*p + q, 3*p - 2*q = g. List the prime factors of p.
2, 43
Let i = -28 + 31. Suppose i = 2*g - 7. Suppose v - 42 = -0*v + 3*b, 0 = 5*b - g. List the prime factors of v.
3, 5
Let d(n) = -3*n + 5*n + 5 + 0*n - n. Let o be d(-1). What are the prime factors of 30/(-40) - (-103)/o?
5
Suppose 4*c + 5*h = 524, -c + 131 = -0*h + 5*h. Let t = c - 69. What are the prime factors of (t - 8)*2/6?
2, 3
Suppose 0*f + 3*k = -2*f - 265, 5*f + 4*k + 652 = 0. Let b be (-5)/25 + f/10. Let u = -5 - b. What are the prime factors of u?
2
Suppose 6 = -3*v - 12. Let j = -11 + v. Let i = -13 - j. List the prime factors of i.
2
Let m be -3 + (-1)/(1/(-5)). Suppose 8 = -m*s, 2*w = -s + 297 - 109. What are the prime factors of w?
2, 3
Suppose -39*z + 14*z + 11500 = 0. List the prime factors of z.
2, 5, 23
Let a(m) = m**3 + 5*m**2 - 2*m - 11. Let j be a(-6). Suppose l = -0*l + 64. Let x = l + j. List the prime factors of x.
29
Let a(p) be the second derivative of 1/6*p**3 + 5*p + 3/2*p**2 + 0. What are the prime factors of a(3)?
2, 3
Suppose 2*y - 3*n = 7, -n - 1 = -0. Suppose y*q - 463 + 7 = 0. What are the prime factors of q/48 - 6/8?
2
Suppose -y + 331 + 254 = 0. List the prime factors of y.
3, 5, 13
Let m be 4/(-24)*-3*-2*891. List the prime factors of m/(-12) + (-2)/8.
2, 37
Suppose -7*p + 159 = -352. Let x = p - 1. List the prime factors of x.
2, 3
Let j = -142 - -172. What are the prime factors of j?
2, 3, 5
Let v = -26 - -30. Suppose v = f - 1. List the prime factors of f.
5
Suppose g + 2*p = 638, g - p - 292 = 346. What are the prime factors of g/4 + 3/6?
2, 5
Let c(q) = -3*q**2 + 5*q + 2. Let t be c(2). Let z(b) = b**2 + 6*b + 190. List the prime factors of z(t).
2, 5, 19
Let v be -1 + -2 + 5 + -1. Suppose -7 = -w - v. Suppose -4*h = -b + 12, 4*b - 5*h = -w + 109. What are the prime factors of b?
2
Let f(g) = g**3 - 16*g**2 + 3*g + 36. Let l be f(16). Let r(s) = -s**3 + 11*s**2 - 4*s + 4. Let a be r(9). Let n = a - l. What are the prime factors of n?
2, 23
Let k(y) = 2*y**2 - 6*y - 141. What are the prime factors of k(-33)?
3, 5, 149
Suppose -125 + 23 = -17*q. List the prime factors of q.
2, 3
Suppose 0 + 16 = 4*q. Let c = q + 5. What are the prime factors of (-6)/c - 16/(-6)?
2
Let a = -13 - -13. Suppose a = -4*x + 129 + 107. List the prime factors of x.
59
Suppose 3*a - 2844 = -a + 3*w, 0 = -2*a + 3*w + 1422. List the prime factors of a.
3, 79
Let o be 3 - (2 - (-2)/(-1)). Suppose 191 = o*m - 25. Suppose -24 = -5*q + 5*h + 96, -3*q + 2*h = -m. List the prime factors of q.
2, 3
Suppose -4*n = -n - 4*r - 22, 2*r + 16 = 4*n. Let d(i) = 2*i**2 - 4*i + 2. Let w be d(n). What are the prime factors of 2/(w/17) + 1?
2, 3
Suppose 98 = 5*q + 8. Let v = 6 - q. Let z = 31 + v. List the prime factors of z.
19
Suppose -2*m - 3 + 7 = 0, -8 = -4*o + 2*m. List the prime factors of 16 - (o + -1)/(-2).
17
Suppose 17*p - 49335 = 2*p. List the prime factors of p.
11, 13, 23
Let c = 212 - -162. Suppose -74 + c = 3*t. Suppose 3*i + a = 5*i - 46, 4*i - t = 4*a. What are the prime factors of i?
3, 7
Let o(b) = -b**3 + 14*b**2 - b + 17. Let h be o(14). Let d = h + -5. List the prime factors of (1/1)/(d/(-52)).
2, 13
Let w = 43 - 39. What are the prime factors of 128/w - 1 - 3?
2, 7
Let o(m) = -101*m + 313. What are the prime factors of o(-16)?
3, 643
Let o be (-2)/(58/(-18) + 3). Suppose 31 = -2*u + o. Let z(m) = -m**2 - 14*m - 8. What are the prime factors of z(u)?
5
Suppose 4*g = -r + 807 + 132, 5*g + 894 = r. What are the prime factors of r?
919
Suppose -15 = -6*z + z. Suppose -z = -o + 239. What are the prime factors of o?
2, 11
Let b(p) = 45*p**2 - 10*p - 84. What are the prime factors of b(-5)?
1091
Suppose 22*n - 40*n = -16506. What are the prime factors of n?
7, 131
Suppose -1 = -g + b, b - 3 = 1. Suppose 4*t + 3*x = 197, -252 = g*t - 10*t + 2*x. Let s = t + -23. What are the prime factors of s?
3
Suppose -5*r + 5 = -p, -4*p - r = 4*r - 30. Suppose 0 = -2*s, -2*w = w - 5*s - 9. Suppose 1 = -p*u - 4, 0 = -2*n - w*u + 121. What are the prime factors of n?
2, 31
Let r = 115 + 53. Suppose 0 = s - 4, 2*s = -7*y + 3*y - r. Let n = y - -66. What are the prime factors of n?
2, 11
List the prime factors of 2*(13 - 1)*67.
2, 3, 67
What are the prime factors of (-1 - (-121 - 3))*(2 + -1)?
3, 41
Let n(x) = 7*x - 2. Let v(l) = l + 1 + 0 + 0. Let f be v(1). What are the prime factors of n(f)?
2, 3
Let l(o) = -234*o - 200. What are the prime factors of l(-13)?
2, 7, 29
Let d(m) = 3*m + 27. Let k(r) = 2*r + 13. Let z(f) = -3*d(f) + 5*k(f). Let p be z(9). Let o = p - -12. List the prime factors of o.
5
Let v(i) = 21*i**2 - 16. What are the prime factors of v(3)?
173
Let i(l) = l**2 + 5*l + 33. Let s be i(-5). Suppose s*g = 36*g - 696. List the prime factors of g.
2, 29
Suppose 3*h - 360 = 4*r, -h + 4*r - 2*r + 120 = 0. Suppose 2*f = -28 + h. List the prime factors of f.
2, 23
Let d = -11 - -15. Suppose -b + 7*y + 23 = 3*y, -5*b - d*y - 5 = 0. Suppose 21 = b*p - 15. List the prime factors of p.
2, 3
Let v = 49 - -409. List the prime factors of v.
2, 229
Suppose -6*q + 23 = -2*x - q, 23 = -5*x + q. Let v be 5 - (-2 - 2)/x. Suppose -u - f = -10 + 3, -2*u + 44 = -v*f. List the prime factors of u.
2, 3
Let r(p) = -354*p**3 + 28*p**2 + 50*p - 2. What are the prime factors of r(-2)?
2, 7, 29
Let n(r) = 2*r + 10. Let g be n(5). Let h = 3 + 0. Suppose 2*j - g = -0*j - h*f, 0 = 5*f. What are the prime factors of j?
2, 5
Suppose -2*u - 4 - 6 = 0. Let i be u/(((-15)/18)/1). What are the prime factors of (-248)/(-12) + (-4)/i?
2, 5
Let u(j) = -84*j**3 - 3*j**2 - 7*j - 11. What are the prime factors of u(-2)?
3, 13, 17
Let d be (-2)/(-2)*(-2 - -2). Suppose d*r + 2*r - 108 = 0. List the prime factors of r.
2, 3
Let w = -3 + 5. Suppose -w*u + 5 = -1. What are the prime factors of (-155)/(-6) + u/18?
2, 13
Let w = -1719 + 3332. List the prime factors of w.
1613
Let k be 11/(-22) + 34/4. Suppose -4*s - 204 = -k*s. What are the prime factors of s?
3, 17
Let b(h) = -h - h - 2 - 1 - h**2 + 2*h**2. Let w be b(-5). Suppose -3*q + 22 = -w. What are the prime factors of q?
2, 3
Let l(o) = o**3 - o**2 + o. Let y(w) = -17*w**2 + 7*w**2 - 2*w - 15 + 4*w**3 - 7*w**2. Let f(v) = 5*l(v) - y(v). What are the prime factors of f(-11)?
59
Let b(a) = -a + 272. List the prime factors of b(4).
2, 67
Let h = -3978 + 5820. List the prime factors of h.
2, 3, 307
Let l = -411 + 483. What are the prime factor